{"id":61,"date":"2024-06-15T15:13:17","date_gmt":"2024-06-15T13:13:17","guid":{"rendered":"https:\/\/leshco-ecoledoctorale.com\/?page_id=61"},"modified":"2024-12-09T23:01:02","modified_gmt":"2024-12-09T22:01:02","slug":"comite-scientifique","status":"publish","type":"page","link":"https:\/\/leshco-ecoledoctorale.com\/index.php\/comite-scientifique\/","title":{"rendered":"Comit\u00e9 scientifique"},"content":{"rendered":"\n<figure class=\"wp-block-image size-large\"><img loading=\"lazy\" decoding=\"async\" width=\"1024\" height=\"245\" src=\"http:\/\/leshco-ecoledoctorale.com\/wp-content\/uploads\/2024\/06\/IMG-20240101-WA0038-e1718893818134-1024x245.jpg\" alt=\"\" class=\"wp-image-122\" srcset=\"https:\/\/leshco-ecoledoctorale.com\/wp-content\/uploads\/2024\/06\/IMG-20240101-WA0038-e1718893818134-1024x245.jpg 1024w, https:\/\/leshco-ecoledoctorale.com\/wp-content\/uploads\/2024\/06\/IMG-20240101-WA0038-e1718893818134-300x72.jpg 300w, https:\/\/leshco-ecoledoctorale.com\/wp-content\/uploads\/2024\/06\/IMG-20240101-WA0038-e1718893818134-768x184.jpg 768w, https:\/\/leshco-ecoledoctorale.com\/wp-content\/uploads\/2024\/06\/IMG-20240101-WA0038-e1718893818134.jpg 1032w\" sizes=\"auto, (max-width: 1024px) 100vw, 1024px\" \/><\/figure>\n\n\n\n<p>De gauche \u00e0 droite: Dr Rodrigue W. Sawadogo, Pr Jacques Nan\u00e9ma, Dr Emmanuel Ouangraoua, Pr Mahamad\u00e9 Savadogo et Dr Romuald Evariste Bambara \u00e0 la fin d&#8217;une soutenance de th\u00e8se \u00e0 Ouagadougou en d\u00e9cembre 2023.<\/p>\n\n\n\n<p>Revue Internationale de Philosophie<\/p>\n\n\n\n<p>Directeur de publication\u00a0: Mahamad\u00e9 Savadogo, Professeur Titulaire, Universit\u00e9 Joseph KI-ZERBO<br>Responsable de la version \u00e9lectronique\u00a0: Rodrigue W. Sawadogo, Ma\u00eetre de conf\u00e9rences, Universit\u00e9 Norbert ZONGO<br>Responsable de la diffusion \u00a0: Souleymane Sawadogo, Ma\u00eetre assistant, Universit\u00e9 Joseph KI-ZERBO<\/p>\n\n\n\n<p><strong>Comit\u00e9 de r\u00e9daction<\/strong><\/p>\n\n\n\n<p>Georges ZONGO Professeur Titulaire, Universit\u00e9 Joseph Ki-Zerbo<br>Gaoussou Ou\u00e9draogo, Ma\u00eetre de conf\u00e9rences, Universit\u00e9 Joseph Ki-Zerbo<br>Pierre OUATTARA Docteur, Centre Lassallien Africain, Abidjan<br>B\u00e9atrice M. TAPSOBA Docteur, DGIFPE, Ouagadougou<br><\/p>\n\n\n\n<p><br><strong>Comit\u00e9 de lecture<\/strong><br>Patrice CANIVEZ Professeur, Universit\u00e9 de Lille<br>Mich\u00e8le COHEN-HALIMI Professeur, Universit\u00e9 Paris VIII<br>Etienne GANTY Professeur, Centre S\u00e8vres, Paris<br>Jean-Luc GAUTERO Ma\u00eetre de conf\u00e9rences, Universit\u00e9 de Nice<br>G\u00e9rard GUEST Premi\u00e8re sup\u00e9rieure, Versailles<br>Boniface KABORE Docteur, Ottawa<br>Ramatoulaye MBENGUE-DIAGNE Professeur, U.C.A.D., Dakar<br>Jacques NANEMA Professeur, (Universit\u00e9 Joseph KI-ZERBO)<\/p>\n\n\n\n<p><br><strong>Conseil scientifique international<\/strong><br>Josiane BOULAD-AYOUB Montr\u00e9al<br>Souleymane Bachir DIAGNE Columbia\/New York<br>Gibert KIRSCHER Lille<br>Dominique LAMBERT Namur<br>Jean QUILLIEN Lille<br>Ludwig SIEP M\u00fcnster<\/p>\n","protected":false},"excerpt":{"rendered":"<p>De gauche \u00e0 droite: Dr Rodrigue W. Sawadogo, Pr Jacques Nan\u00e9ma, Dr Emmanuel Ouangraoua, Pr Mahamad\u00e9 Savadogo et Dr Romuald [&hellip;]<\/p>\n","protected":false},"author":1,"featured_media":0,"parent":0,"menu_order":0,"comment_status":"closed","ping_status":"closed","template":"","meta":{"site-sidebar-layout":"default","site-content-layout":"","ast-site-content-layout":"","site-content-style":"default","site-sidebar-style":"default","ast-global-header-display":"","ast-banner-title-visibility":"","ast-main-header-display":"","ast-hfb-above-header-display":"","ast-hfb-below-header-display":"","ast-hfb-mobile-header-display":"","site-post-title":"","ast-breadcrumbs-content":"","ast-featured-img":"","footer-sml-layout":"","theme-transparent-header-meta":"","adv-header-id-meta":"","stick-header-meta":"","header-above-stick-meta":"","header-main-stick-meta":"","header-below-stick-meta":"","astra-migrate-meta-layouts":"default","ast-page-background-enabled":"default","ast-page-background-meta":{"desktop":{"background-color":"var(--ast-global-color-4)","background-image":"","background-repeat":"repeat","background-position":"center center","background-size":"auto","background-attachment":"scroll","background-type":"","background-media":"","overlay-type":"","overlay-color":"","overlay-opacity":"","overlay-gradient":""},"tablet":{"background-color":"","background-image":"","background-repeat":"repeat","background-position":"center center","background-size":"auto","background-attachment":"scroll","background-type":"","background-media":"","overlay-type":"","overlay-color":"","overlay-opacity":"","overlay-gradient":""},"mobile":{"background-color":"","background-image":"","background-repeat":"repeat","background-position":"center center","background-size":"auto","background-attachment":"scroll","background-type":"","background-media":"","overlay-type":"","overlay-color":"","overlay-opacity":"","overlay-gradient":""}},"ast-content-background-meta":{"desktop":{"background-color":"var(--ast-global-color-5)","background-image":"","background-repeat":"repeat","background-position":"center center","background-size":"auto","background-attachment":"scroll","background-type":"","background-media":"","overlay-type":"","overlay-color":"","overlay-opacity":"","overlay-gradient":""},"tablet":{"background-color":"var(--ast-global-color-5)","background-image":"","background-repeat":"repeat","background-position":"center center","background-size":"auto","background-attachment":"scroll","background-type":"","background-media":"","overlay-type":"","overlay-color":"","overlay-opacity":"","overlay-gradient":""},"mobile":{"background-color":"var(--ast-global-color-5)","background-image":"","background-repeat":"repeat","background-position":"center center","background-size":"auto","background-attachment":"scroll","background-type":"","background-media":"","overlay-type":"","overlay-color":"","overlay-opacity":"","overlay-gradient":""}},"footnotes":""},"class_list":["post-61","page","type-page","status-publish","hentry"],"_links":{"self":[{"href":"https:\/\/leshco-ecoledoctorale.com\/index.php\/wp-json\/wp\/v2\/pages\/61","targetHints":{"allow":["GET"]}}],"collection":[{"href":"https:\/\/leshco-ecoledoctorale.com\/index.php\/wp-json\/wp\/v2\/pages"}],"about":[{"href":"https:\/\/leshco-ecoledoctorale.com\/index.php\/wp-json\/wp\/v2\/types\/page"}],"author":[{"embeddable":true,"href":"https:\/\/leshco-ecoledoctorale.com\/index.php\/wp-json\/wp\/v2\/users\/1"}],"replies":[{"embeddable":true,"href":"https:\/\/leshco-ecoledoctorale.com\/index.php\/wp-json\/wp\/v2\/comments?post=61"}],"version-history":[{"count":7,"href":"https:\/\/leshco-ecoledoctorale.com\/index.php\/wp-json\/wp\/v2\/pages\/61\/revisions"}],"predecessor-version":[{"id":334,"href":"https:\/\/leshco-ecoledoctorale.com\/index.php\/wp-json\/wp\/v2\/pages\/61\/revisions\/334"}],"wp:attachment":[{"href":"https:\/\/leshco-ecoledoctorale.com\/index.php\/wp-json\/wp\/v2\/media?parent=61"}],"curies":[{"name":"wp","href":"https:\/\/api.w.org\/{rel}","templated":true}]}}